 prime factors of b?
1747
Let q(s) = 574*s + 28. Let a be q(6). Suppose 0 = 20*b - 4*b - a. List the prime factors of b.
7, 31
Suppose 3*o + 10*o + 26 = 0. Let u be 71 - (-2 - o) - (15 + -12). Let b = u + -14. What are the prime factors of b?
2, 3
Let v be (-1)/(-2)*(2437 - -17). Suppose 4*x - 2713 - v = -3*h, 3*h - 5*x = 3904. What are the prime factors of h/21 + (-4)/14?
2, 31
Let a be (-1 - -1)/(-20 - -21). Suppose a = 10*n - 12*n + 1070. Suppose -5*k = c - n, -c + 0*c - 5 = 0. List the prime factors of k.
2, 3
Suppose -94*t - 178*t = 144*t - 1609920. What are the prime factors of t?
2, 3, 5, 43
List the prime factors of 22/99 - (7 - 57988/36).
2, 401
Suppose 5*k = -2*l + 63190, 0 = 5*l + 17*k - 15*k - 158038. List the prime factors of l.
2, 5, 29, 109
Let h be ((-74)/(-6) - 13)*9/(-2). Suppose n - 5*t = -h*n + 2493, t = n - 622. List the prime factors of n.
617
Let b be 432/(-9)*3/2. Suppose -5*z + 286 = -479. Let q = b + z. What are the prime factors of q?
3
Suppose -2*d - 3*d + 3*k - 325 = 0, -20 = -4*k. Let l = 159 + d. What are the prime factors of l?
97
Let i be 32 + 150 - -1*(-5 - -1). Let v be 243/4 + 4/16. Let s = i - v. List the prime factors of s.
3, 13
Suppose 198 = -3*d + d. Let t be 902/9 + 22/d. Suppose 2*b + 2*o = t, 5*b = 2*o + 132 + 90. What are the prime factors of b?
2, 23
List the prime factors of 448/2240 - 10914*(-34)/20.
2, 9277
Let r(i) = -i**2 - 19*i + 44. Let d be r(-21). List the prime factors of -2 + (664 - d)*(-2)/(-4).
7, 47
Let u = -26 - -25. Let z be u/5 + 1384/20. What are the prime factors of (z/(-2))/(16/(-32))?
3, 23
Suppose 5*k = -3*x + 19, 4*k + 36*x - 2 = 38*x. Suppose 0 = -3*w + 5*f + 1915, 6*w - 8*w = k*f - 1282. What are the prime factors of w?
2, 5
Let s = 1466 - 710. List the prime factors of s/4*(112/(-6))/(-4).
2, 3, 7
Let p = 159 - 169. What are the prime factors of (-15)/6 + -43*85/p?
3, 11
Suppose 21*l - 36378 = -37512 + 73143. What are the prime factors of l?
3, 127
Suppose 4 = -5*r + 5*k - 6, 5*r + 12 = 3*k. Let w be r/(-3 + (-510)/(-172) + 0). Suppose 3*d + w - 4 = o, -o - 4*d = -89. What are the prime factors of o?
5, 17
Suppose 510*g - 2616 = 507*g. Suppose -3*p + 2648 = g. List the prime factors of p.
2, 37
Let s(x) = 356*x - 11931. List the prime factors of s(114).
3, 9551
Let a be (-4)/(-16)*0*(-1)/(-2). Suppose 3*j = -a*j + 4*r + 313, -5*j - r + 491 = 0. List the prime factors of j.
3, 11
Let y = -2587 - -12209. List the prime factors of y.
2, 17, 283
Let p(j) = -j**3 - 13*j**2 - 12*j + 4. Let v be p(-12). What are the prime factors of 1 + (-7)/v - (-54111)/68?
3, 5, 53
Suppose 3*f + 69 + 145 = q, 436 = 2*q - 2*f. Let c = q + 368. List the prime factors of c.
2, 3, 7
Suppose -22*f + 68731 = -300671. What are the prime factors of f?
3, 29, 193
Let q(r) = -2*r**3 + 2. Let b be q(0). Suppose -5*w + u + 2008 = -2840, 0 = 3*w + b*u - 2901. What are the prime factors of w?
3, 17, 19
Let f be 0 + 1 + 0 + 4. Suppose f*z - 52 = z. Let m(a) = 6*a - 40. What are the prime factors of m(z)?
2, 19
Let d = 100 - 173. Let k = 48 + d. What are the prime factors of 2 - ((-6)/(-15) + 2135/k)?
3, 29
Let n(i) = 68*i**2 + 52*i - 1229. List the prime factors of n(22).
17, 1931
Suppose 4*u + 2 = 5*u. Suppose s - 2 = 0, 0*h + 20 = u*h + 5*s. Suppose -2*t - 20 = -3*t + w, 5 = -h*w. List the prime factors of t.
19
Suppose -2*h - 955 = -x, -3*x - 4*h + 1136 = -1709. Let l = 1354 - x. What are the prime factors of l?
13, 31
Let w = -46 + 160. Suppose 0 = 5*x - 8*x - w. Let u = x + 116. List the prime factors of u.
2, 3, 13
Let g(u) = u**3 + 5*u**2 - 10*u - 56. Let s be g(-4). Suppose 3*x + l - 5426 = s, 6*l - 7*l = -5*x + 9054. What are the prime factors of x?
2, 5, 181
Let w be 2/8 + 196/112 - -252. Suppose -w*z - 622 = -255*z. List the prime factors of z.
2, 311
Let k = 34 + -36. Let r be -39 - ((-21)/(-2))/7*k. Let p = r - -136. What are the prime factors of p?
2, 5
Suppose h = 10*h - 12447 + 1701. List the prime factors of h.
2, 3, 199
Let s = -3210 - -6223. Suppose -1061 = 32*b - s. What are the prime factors of b?
61
Suppose -1750 = -g + 3*b + 623, 4*b = 5*g - 11854. Let u = -1087 + g. List the prime factors of u.
1283
Suppose 11*y + 4014 - 19040 = 0. Suppose -334 = -5*z + y. What are the prime factors of z?
2, 5, 17
Suppose 0 = 21*g - 59 - 25. Suppose 3*s = 2*d - 1099, 7*d - g*s = 4*d + 1647. What are the prime factors of d?
5, 109
Suppose 5*i - 15 = -w, -3*i + 4*w - 10 = 2*i. Let h be (-6)/4 - (-129)/12*i. List the prime factors of (-4)/(h/555)*-1.
3, 37
Let m(l) = 25*l - 2. Let w be m(3). Let z = -69 + w. Suppose -z*x + 107 = -85. List the prime factors of x.
2, 3
Let y be (-10)/(-45) - 5705/(-45). Suppose y - 819 = -2*r. What are the prime factors of r?
2, 173
What are the prime factors of (-14)/((-168)/60)*1217?
5, 1217
Suppose 94*z - 19191 = 22956 + 88419. What are the prime factors of z?
3, 463
Suppose 121*t + 27818 = 98169 + 98081. What are the prime factors of t?
2, 3, 29
Let m(j) = -16*j - 42. Let c be m(-3). List the prime factors of -5 + ((-27)/c)/((-2)/32).
67
Suppose -4*d - 763 = 3*m, -5*m + 2*d - 1323 = -60. Let u be ((-5)/((-10)/6) - m) + -4. Let t = u - 102. What are the prime factors of t?
2, 3, 5
What are the prime factors of 12881*((-3)/1 - (-22 + 5 + 13))?
11, 1171
Let k(f) = -f**3 - 7*f**2 - 13*f - 32. Let m be k(-11). Let p = m - 138. What are the prime factors of p?
457
What are the prime factors of -10 + 986 + (19 - 29)?
2, 3, 7, 23
Suppose 187 - 627 = 2*o. Let j = o - -304. What are the prime factors of j?
2, 3, 7
Let x(t) = 3*t + 4*t - 2 + t. Let f be x(-1). What are the prime factors of -2 + 15/f*-36?
2, 13
Suppose 6*h - 13 = -31. What are the prime factors of (-1 + 7544/24)/((-2)/h)?
2, 5, 47
Suppose 3*v - 30 = -18. Suppose -12 = 4*o - v*u, -o - u = -0 + 1. Let z(q) = -23*q**3 + 3*q**2 + q. What are the prime factors of z(o)?
2, 97
Let p = 6084 + 2568. What are the prime factors of p?
2, 3, 7, 103
Let b(j) = 21*j + 14*j - 445 + 16*j + 10*j + 5*j. List the prime factors of b(26).
31, 41
Let q(n) = 302*n**2 + 105*n + 473. What are the prime factors of q(-6)?
5, 2143
Let l(p) = -14*p**3 + 174*p**2 - 4*p + 32. List the prime factors of l(7).
2, 233
Suppose -2*k = -10*w - 13*w + 15740, 4*w - 4*k = 2752. List the prime factors of w.
2, 3, 19
Suppose -28*n = -24*n - 5*o - 14708, 20 = 5*o. List the prime factors of n.
2, 7, 263
What are the prime factors of (-4)/((-5)/1*(-50)/(-380125))?
2, 3041
Let d(o) = 4*o**3 - 32*o**2 + 41*o - 2. Let j(i) = i**3 - 8*i**2 + 10*i - 1. Let u(h) = 3*d(h) - 13*j(h). Let w = 16 + -11. List the prime factors of u(w).
47
Suppose 48 = 3*a - 4*p - 13, 2*a - 10 = -5*p. Suppose a*o - 17960 + 4160 = 0. What are the prime factors of o?
2, 5, 23
Let s = -89 + 49. Let b = 45 - s. List the prime factors of b.
5, 17
Suppose -125*b + 1563370 = -927630. List the prime factors of b.
2, 47, 53
Suppose -2*y = q - 4, 0 = 5*q - y + 6*y - 10. Suppose q = 2*t - 8*t + 7212. What are the prime factors of t?
2, 601
List the prime factors of (2/((-4)/4099))/(1*(-1)/6).
3, 4099
Suppose -8565 - 6582 = -27*x. Suppose -5*o - z + 661 = 0, 96 = 5*o + 2*z - x. What are the prime factors of o?
7, 19
Suppose -32*d = -35*d + 3*x + 27753, 5*x = 2*d - 18484. What are the prime factors of d?
9257
Let m(c) = 21*c**2 + 9*c - 4. Let y be m(5). What are the prime factors of 1/(((-2)/y)/(-1))?
283
List the prime factors of (648/(-90))/(1/(-5520)).
2, 3, 23
Let h(n) = 4899*n - 219. Let f be h(6). Suppose 44*r - 19*r = f. What are the prime factors of r?
3, 389
Let u be (-3)/(-5) + 6/15. Suppose -c - 6 = -4*z - u, 4*z + 1 = 3*c. Suppose z*s = 5*s - 9. List the prime factors of s.
3
Let h(w) = w**3 - 12*w**2 + 22*w - 43. Let y be h(10). What are the prime factors of 2 + y/11 + 105980/308?
2, 43
Let y be (1*-2)/((-5)/(-2) + -3). Let z(w) = 5*w**2 - 3*w - 35 + y*w + 25 - 2*w**2. List the prime factors of z(-6).
2, 23
Let v(k) = 393*k**2 + 9*k + 10. Let i(d) = -394*d**2 - 9*d - 10. Let q(p) = 3*i(p) + 4*v(p). What are the prime factors of q(-1)?
17, 23
Let o = 97 + -97. Suppose 2*q + 10*q - 7488 = o. List the prime factors of q.
2, 3, 13
Let s = 65 + -62. Suppose s*l - 1084 = -l. What are the prime factors of l?
271
Let h = 137 - 85. Suppose j + 21 = -2*y, y - h = j + j. Let v = 33 - j. List the